 Give g(-288).
-3
Let l(d) = -6*d**3 + 58*d**2 + 1878*d - 19627. What is l(11)?
63
Let w(z) = 840*z - 6428. What is w(4)?
-3068
Let u(f) = -14*f**3 + 24933*f**2 + 1805*f - 42700. Determine u(1781).
44
Let x(a) = -12*a**3 + 86*a**2 + 21. Give x(4).
629
Let b(a) = 2*a**2 - 501*a - 734294. What is b(744)?
34
Let l(z) = -74*z**2 - 146*z. What is l(-2)?
-4
Let z(o) = -1878*o - 296698. Calculate z(-158).
26
Let o(x) = -8234*x + 82438. Calculate o(10).
98
Let u(m) = -9*m**3 + 75*m**2 + 4*m - 192. Calculate u(8).
32
Let w(h) = -162*h - 814. Determine w(-5).
-4
Let v(j) = -786*j + 59436. What is v(75)?
486
Let f(g) = 1396*g + 2977. Give f(-2).
185
Let s(o) = o**3 - 12*o**2 + 1129*o - 20651. Give s(17).
-13
Let q(o) = -12*o**2 + 255*o + 3041. Give q(29).
344
Let h(p) = -70*p**3 - 4816*p**2 + 966*p + 5. Calculate h(-69).
5
Let i(z) = 596*z + 1144. Determine i(-2).
-48
Let o(u) = -122*u**3 - 47*u**2 - 84*u + 9. Give o(-2).
965
Let c(l) = 3*l**3 + 333*l**2 + 73*l + 8031. What is c(-111)?
-72
Let n(c) = 4579*c + 40981. What is n(-9)?
-230
Let r(d) = 238*d**2 - 592*d + 33. Determine r(3).
399
Let i(f) = -73*f**2 + 60894*f - 10025. What is i(834)?
-17
Let q(m) = 1101*m - 15457. Calculate q(17).
3260
Let b(r) = 100*r**3 + r**2 + 4*r - 12. Give b(2).
800
Let t(l) = 357*l**2 - 13*l + 16. Determine t(1).
360
Let z(k) = k**2 - 1445*k + 7223. Determine z(5).
23
Let v(h) = -44410*h + 266456. What is v(6)?
-4
Let g(a) = 1832*a - 179532. Calculate g(98).
4
Let h(a) = a**2 - 19*a - 874. Determine h(44).
226
Let r(t) = -t**3 + 53*t**2 + 330*t - 9082. Give r(56).
-10
Let i(r) = 1425*r - 4926. Calculate i(4).
774
Let d(a) = a**3 - 56*a**2 - 976*a - 23. Give d(70).
257
Let l(o) = -76*o + 40. Calculate l(2).
-112
Let l(r) = 15432*r + 462950. Calculate l(-30).
-10
Let c(m) = 1364*m + 3353. Determine c(-3).
-739
Let g(p) = p**3 + 7*p**2 + 27481*p + 164862. Calculate g(-6).
12
Let t(w) = -2*w**3 + 284*w**2 + 251*w + 5023. What is t(143)?
18
Let i(f) = -1032351*f + 15485259. Calculate i(15).
-6
Let j(f) = f**3 - 232*f**2 - 5588*f - 106. What is j(-22)?
-106
Let m(r) = 32*r**3 - 11*r**2 - 51*r + 141. What is m(3)?
753
Let q(b) = -268*b - 75916. What is q(-283)?
-72
Let r(t) = -t**3 - 401*t**2 - 395*t + 2000. Determine r(-400).
0
Let u(r) = 257*r**2 + 619*r + 1231. What is u(-2)?
1021
Let t(z) = -108*z**3 + 53*z**2 + 32*z - 17. What is t(-1)?
112
Let j(q) = -q**3 + 255*q**2 - 14993*q - 150. Determine j(163).
339
Let a(n) = 2*n**3 + 2566*n**2 - 31111*n + 367. Determine a(12).
-5
Let c(d) = -d**3 - 32*d**2 + 71*d + 5110. Give c(-28).
-14
Let i(n) = 41*n**3 + 1799*n**2 - 217*n + 137. Give i(-44).
5
Let y(o) = -12432*o + 24803. Determine y(2).
-61
Let b(w) = -2*w**2 - 1042*w + 105787. Determine b(87).
-5
Let i(x) = x**3 + 25*x**2 - 2274*x - 143. Determine i(37).
597
Let w(l) = 3819*l + 15368. Give w(-4).
92
Let c(w) = w**2 + 276*w + 2101. What is c(-8)?
-43
Let y(h) = h**3 - 25*h**2 + 299*h - 841. Calculate y(4).
19
Let y(d) = -65971*d + 263876. Calculate y(4).
-8
Let m(n) = n**3 + 18*n**2 + 22*n - 671. Determine m(-13).
-112
Let c(l) = 2320*l + 294630. What is c(-127)?
-10
Let l(b) = 844709*b + 5068248. Give l(-6).
-6
Let i(v) = 11*v**3 + 140*v**2 - 34*v - 66. Determine i(-13).
-131
Let k(b) = -14035*b + 252619. Give k(18).
-11
Let q(p) = 2*p**3 + 4108*p**2 - 66238*p - 34. Give q(16).
-2
Let b(x) = -43*x + 1806. Calculate b(48).
-258
Let a(l) = -3*l**2 + 245*l - 4798. Calculate a(33).
20
Let c(m) = -8861*m - 62074. Calculate c(-7).
-47
Let a(p) = 6*p**2 + 5*p - 172. What is a(7)?
157
Let g(z) = 10*z**2 - 2569*z - 2155. Give g(258).
683
Let z(m) = -170*m**2 - 857*m + 52. What is z(-5)?
87
Let i(t) = -5*t**3 - 66*t**2 + 327*t + 26. Give i(-17).
-42
Let r(h) = h**2 - 391*h + 23903. Give r(76).
-37
Let j(h) = 5*h**2 - 994*h - 5985. Calculate j(205).
370
Let z(x) = -63*x - 4695. Give z(-69).
-348
Let t(b) = 28427*b + 85342. What is t(-3)?
61
Let n(w) = -w**3 + 27*w**2 + 55*w - 527. Calculate n(15).
2998
Let p(q) = 2279*q - 104673. Calculate p(46).
161
Let k(p) = 616*p + 8033. Calculate k(-13).
25
Let z(x) = 4636*x + 542405. What is z(-117)?
-7
Let p(w) = -6*w**2 + 2476*w - 14723. Determine p(6).
-83
Let g(c) = -8*c**2 + 60*c + 18. Calculate g(1).
70
Let a(h) = -h**3 + 17*h**2 + 496*h + 347. Determine a(-15).
107
Let y(k) = 20*k**2 + 4242*k + 25252. What is y(-6)?
520
Let n(t) = t**3 + 198*t**2 - 2073*t + 1659. Determine n(-208).
203
Let y(m) = -3*m**3 - 218*m**2 + 681*m + 13. Calculate y(3).
13
Let k(n) = -n**2 + 156*n + 6615. Calculate k(-30).
1035
Let g(y) = -4027*y + 1119496. Calculate g(278).
-10
Let l(c) = -61718*c - 1542954. What is l(-25)?
-4
Let h(q) = -2*q**2 - 10501*q + 519239. What is h(49)?
-112
Let i(j) = -1835*j - 27387. Calculate i(-15).
138
Let x(y) = -3*y**2 + 73*y - 79. Calculate x(22).
75
Let q(i) = 304*i**2 - 9*i + 1. Calculate q(2).
1199
Let i(o) = -o**3 + 464*o**2 + 209*o - 96981. Determine i(464).
-5
Let v(r) = -3*r**2 + 916*r + 255459. What is v(482)?
-1
Let n(l) = -3*l**2 + 2079*l + 12388. What is n(-6)?
-194
Let t(y) = -2*y**2 + 287*y - 6718. Determine t(114).
8
Let t(q) = 985968*q + 12817583. What is t(-13)?
-1
Let a(w) = 3*w**2 - 3208*w + 41221. What is a(13)?
24
Let t(j) = 34*j**3 + 98*j**2 - 184*j - 14. Calculate t(2).
282
Let z(t) = 1702*t - 408451. What is z(240)?
29
Let d(n) = 83*n**3 - 3*n**2 + 563*n + 2241. Determine d(-4).
-5371
Let o(a) = -856*a + 515343. Determine o(602).
31
Let m(z) = -663666*z + 3981989. Give m(6).
-7
Let x(q) = -3*q**2 + 7232*q + 128. Give x(0).
128
Let t(a) = 144*a + 17674. Calculate t(-126).
-470
Let n(o) = o**3 + 418*o**2 + 765*o - 28016. Determine n(-416).
-144
Let j(n) = -2*n**3 - 38*n**2 + 2074*n + 42707. What is j(-22)?
-17
Let z(g) = g**3 - 4*g**2 - 135*g - 98. Give z(9).
-908
Let f(v) = -v**2 - 8756*v + 61341. Determine f(7).
0
Let w(b) = 26*b**2 - 2461*b - 5. Determine w(0).
-5
Let f(c) = -78542*c + 157065. Give f(2).
-19
Let w(j) = j**3 + 537*j**2 + 1664*j + 199. Determine w(-3).
13
Let g(z) = 28051*z - 252471. Give g(9).
-12
Let h(t) = -3*t**3 - 3*t**2 - 691*t + 2097. What is h(3)?
-84
Let i(p) = p**3 + 548*p**2 - 36516*p + 2135. Calculate i(60).
-25
Let r(c) = -2981*c + 38756. Give r(13).
3
Let c(r) = 3170*r + 351864. Determine c(-111).
-6
Let m(r) = -1501*r**2 - 1178*r - 1178. Calculate m(-1).
-1501
Let m(y) = -12*y**3 - 741*y**2 + 197*y + 499. Calculate m(-62).
-183
Let u(h) = 383719*h + 4988339. Calculate u(-13).
-8
Let s(n) = -2392*n - 306430. What is s(-128)?
-254
Let p(z) = -3*z**3 + 70*z**2 - 54*z + 701. What is p(23)?
-12
Let u(n) = 945*n - 49118. Calculate u(52).
22
Let n(z) = 575*z - 22264. Determine n(39).
161
Let t(r) = 9*r**3 + 1532*r**2 + 324*r - 883. Determine t(-170).
1837
Let x(z) = 2*z**2 - 11771*z + 164399. Give x(14).
-3
Let b(r) = 5044*r - 30261. What is b(6)?
3
Let j(t) = -t**2 + 695*t - 110955. What is j(248)?
-99
Let u(q) = -4*q**3 - 51*q**2 + 11*q - 28. Calculate u(-13).
-2
Let f(j) = 45*j**2 - 589*j - 1723. Determine f(-3).
449
Let w(a) = -21*a**2 - 409*a + 69. Give w(-19).
259
Let w(m) = 18844*m + 94231. Determine w(-5).
11
Let a(h) = -7*h**2 - 92*h - 8. Determine a(-13).
5
Let q(g) = -6*g**2 + 810*g - 12214. Give q(118).
-178
Let z(u) = 25*u**3 + 4748*u**2 - 367*u + 2463. What is z(-190)?
-7
Let c(d) = 11*d**2 - 698*d + 4955. What is c(7)?
608
Let z(j) = j**3 - 33*j**2 + 385*j + 913. What is z(-2)?
3
Let x(h) = -259597*h + 1817270. Calculate x(7).
91
Let t(v) = -283*v + 5085. What is t(18)?
-9
Let i(c) = 240356*c - 1442160. Calculate i(6).
-24
Let n(h) = 307785*h**2 + 2462283*h + 23. Determine n(-8).
-1
Let c(g) = g**3 - 28*g**2 + 1487*g - 101364. Determine c(45).
-24
Let m(d) = -20*d**2 + 692*d + 129474. What is m(-65)?
-6
Let r(w) = -233*w + 2350. What is r(10)?
20
Let a(d) = -2*d**3 - 2*d**2 + 545*d - 4187. Determine a(0).
-4187
Let f(y) = 7*y**2 - 807979*y - 807979. Determine f(-1).
7
Let o(k) = 4*k**3 - 464*k**2 - 4510*k + 1247. Determine o(125).
-3
Let z(w) = w**2 - 153*w + 3690. Determine z(128).
490
Let m(j) = -j**3 - 102*j**2 - j - 45. Determine m(-102).
57
Let a(l) = -l**3 - 3*l**2 - 10*l + 252. Give a(5).
2
Let y(h) = 20*h**3 - 6*h**2 - 465*h - 925. What is y(-2)?
-179
Let h(p) = -271*p - 67753. What is h(-250)?
-3
Let f(m) = -1871*m - 26319. Determine f(-14).
-125
Let c(f) 